on divisor of 27 and 53919.
27
Calculate the greatest common divisor of 168 and 1144.
8
Calculate the highest common divisor of 54 and 1458.
54
What is the highest common factor of 648 and 96?
24
What is the highest common factor of 43 and 5?
1
What is the greatest common divisor of 10413 and 117?
117
What is the greatest common factor of 594 and 484?
22
What is the greatest common divisor of 440 and 160?
40
What is the highest common factor of 3388 and 140?
28
Calculate the greatest common factor of 5112 and 1562.
142
What is the greatest common divisor of 65830 and 290?
290
Calculate the greatest common divisor of 1043 and 56.
7
Calculate the highest common factor of 14365 and 85.
85
What is the greatest common divisor of 92 and 3910?
46
What is the greatest common factor of 117 and 65?
13
What is the highest common factor of 1136 and 1562?
142
Calculate the greatest common factor of 294 and 336.
42
What is the highest common divisor of 2603 and 19?
19
What is the greatest common divisor of 3528 and 42?
42
Calculate the greatest common factor of 902 and 22.
22
What is the highest common factor of 111 and 74?
37
What is the highest common factor of 144 and 488?
8
What is the greatest common divisor of 142801 and 61?
61
What is the greatest common factor of 297 and 6?
3
What is the greatest common factor of 376 and 8?
8
What is the highest common factor of 23 and 9683?
23
What is the highest common divisor of 196 and 539?
49
Calculate the greatest common factor of 6272 and 98.
98
Calculate the highest common factor of 66 and 2750.
22
Calculate the highest common factor of 1775 and 275.
25
Calculate the highest common divisor of 21 and 91.
7
What is the greatest common divisor of 26 and 14?
2
Calculate the highest common factor of 8100 and 36.
36
Calculate the highest common divisor of 51 and 34.
17
What is the greatest common factor of 80 and 144?
16
Calculate the greatest common divisor of 70 and 20230.
70
What is the highest common divisor of 944 and 128?
16
What is the greatest common divisor of 95 and 40?
5
Calculate the highest common factor of 1075 and 25.
25
Calculate the greatest common divisor of 9099 and 108.
27
Calculate the highest common factor of 2 and 262.
2
What is the highest common factor of 646 and 51?
17
Calculate the highest common factor of 28 and 364.
28
Calculate the highest common divisor of 1536 and 192.
192
What is the highest common factor of 1872 and 3627?
117
What is the greatest common factor of 198 and 110?
22
What is the highest common divisor of 1188 and 440?
44
Calculate the greatest common divisor of 448 and 7.
7
Calculate the highest common divisor of 45 and 72.
9
What is the highest common factor of 114 and 3?
3
Calculate the highest common factor of 84 and 294.
42
Calculate the highest common divisor of 213 and 15549.
213
Calculate the highest common factor of 803 and 143.
11
What is the greatest common factor of 270 and 40?
10
Calculate the greatest common factor of 82 and 82.
82
What is the highest common divisor of 16 and 12?
4
Calculate the highest common factor of 649 and 187.
11
What is the highest common divisor of 4485 and 285?
15
What is the highest common divisor of 589 and 62?
31
Calculate the highest common factor of 2955 and 10.
5
Calculate the greatest common factor of 11 and 22.
11
What is the greatest common factor of 63 and 315?
63
Calculate the highest common factor of 1590 and 20.
10
Calculate the highest common factor of 254 and 5207.
127
Calculate the greatest common divisor of 1135 and 10.
5
Calculate the greatest common factor of 12 and 152.
4
Calculate the greatest common factor of 40 and 424.
8
What is the greatest common factor of 87 and 116?
29
Calculate the highest common divisor of 25104 and 48.
48
Calculate the greatest common factor of 1369 and 111.
37
What is the greatest common factor of 420 and 4116?
84
What is the greatest common divisor of 48 and 216?
24
Calculate the highest common divisor of 558 and 17019.
279
Calculate the highest common divisor of 6773 and 39.
13
Calculate the highest common factor of 306 and 18.
18
Calculate the highest common divisor of 1118 and 86.
86
Calculate the highest common factor of 2048 and 8.
8
Calculate the greatest common divisor of 5499 and 117.
117
Calculate the highest common divisor of 20 and 45.
5
Calculate the highest common divisor of 3780 and 135.
135
Calculate the greatest common factor of 396 and 220.
44
What is the highest common factor of 10 and 245?
5
What is the greatest common divisor of 3 and 3777?
3
What is the greatest common divisor of 4 and 1?
1
Calculate the greatest common factor of 6 and 162.
6
What is the highest common divisor of 741 and 5343?
39
Calculate the greatest common factor of 448 and 504.
56
What is the greatest common divisor of 2527 and 2261?
133
What is the greatest common factor of 248 and 217?
31
What is the greatest common divisor of 91 and 26?
13
What is the highest common factor of 288 and 36?
36
Calculate the greatest common divisor of 65 and 25.
5
What is the greatest common divisor of 50 and 17850?
50
Calculate the greatest common factor of 32454 and 18.
18
What is the greatest common divisor of 50 and 550?
50
What is the greatest common divisor of 2522 and 182?
26
What is the highest common factor of 8997 and 3?
3
What is the greatest common factor of 392 and 8?
8
What is the highest common factor of 210 and 285?
15
Calculate the highest common divisor of 9520 and 3264.
272
What is the greatest common factor of 52 and 7189?
13
Calculate the greatest common divisor of 588 and 24.
12
What is the highest common divisor of 4 and 388?
4
Calculate the greatest common divisor of 16 and 80.
16
Calculate the highest common factor of 3379 and 682.
31
What is the highest common factor of 4477 and 121?
121
What is the greatest common divisor of 60 and 36?
12
What is the greatest common divisor of 175 and 1120?
35
Calculate the greatest common factor of 82 and 50758.
82
Calculate the highest common factor of 3199 and 7.
7
Calculate the highest common factor of 306 and 238.
34
Calculate the highest common divisor of 833 and 289.
17
What is the highest common factor of 2204 and 348?
116
Calculate the greatest common divisor of 46 and 24.
2
What is the greatest common divisor of 36 and 540?
36
Calculate the greatest common divisor of 744 and 168.
24
Calculate the greatest common divisor of 382 and 22.
2
Calculate the highest common factor of 36642 and 558.
186
What is the greatest common factor of 25 and 90?
5
Calculate the greatest common divisor of 4427 and 932.
233
Calculate the greatest common factor of 179 and 1.
1
Calculate the highest common factor of 6048 and 21.
21
Calculate the greatest common factor of 414 and 598.
46
What is the highest common factor of 11585 and 35?
35
Calculate the greatest common factor of 12 and 32.
4
What is the highest common factor of 2163 and 21?
21
Calculate the greatest common factor of 342 and 36.
18
Calculate the highest common divisor of 299 and 364.
13
What is the highest common factor of 7035 and 30?
15
What is the highest common divisor of 1404 and 52?
52
What is the highest common factor of 231 and 4686?
33
What is the greatest common divisor of 232 and 728?
8
What is the highest common divisor of 63 and 36?
9
What is the highest common factor of 3915 and 2871?
261
Calculate the greatest common factor of 12294 and 18.
18
What is the highest common divisor of 66 and 165?
33
What is the highest common factor of 1848 and 1554?
42
What is the highest common divisor of 1938 and 1368?
114
What is the highest common divisor of 204 and 60?
12
What is the greatest common factor of 138 and 713?
23
What is the highest common factor of 585 and 26?
13
Calculate the greatest common divisor of 2 and 43.
1
What is the greatest common divisor of 68 and 85?
17
Calculate the highest common factor of 403 and 169.
13
Calculate the greatest common factor of 217 and 28.
7
Calculate the greatest common factor of 1377 and 272.
17
What is the highest common factor of 794 and 20?
2
What is the highest common factor of 27585 and 135?
45
What is the highest common factor of 80 and 1720?
40
Calculate the greatest common factor of 53290 and 10.
10
What is the greatest common divisor of